{"id":2,"date":"2016-03-06T15:00:07","date_gmt":"2016-03-06T14:00:07","guid":{"rendered":""},"modified":"2025-10-26T22:53:55","modified_gmt":"2025-10-26T21:53:55","slug":"meine-fachgebiete","status":"publish","type":"page","link":"https:\/\/www.ra-pirringer.at\/web\/meine-fachgebiete\/","title":{"rendered":"Meine Fachgebiete"},"content":{"rendered":"\n<figure class=\"wp-block-image size-large is-resized\"><img loading=\"lazy\" decoding=\"async\" width=\"739\" height=\"1024\" src=\"https:\/\/www.ra-pirringer.at\/web\/wp-content\/uploads\/2025\/10\/Rechtsanwalt-Bruck-Leitha-Pirringer-2-edited-739x1024.jpg\" alt=\"Anwalt Bruck Leitha 2\" class=\"wp-image-548\" style=\"width:415px;height:auto\" srcset=\"https:\/\/www.ra-pirringer.at\/web\/wp-content\/uploads\/2025\/10\/Rechtsanwalt-Bruck-Leitha-Pirringer-2-edited-739x1024.jpg 739w, https:\/\/www.ra-pirringer.at\/web\/wp-content\/uploads\/2025\/10\/Rechtsanwalt-Bruck-Leitha-Pirringer-2-edited-217x300.jpg 217w, https:\/\/www.ra-pirringer.at\/web\/wp-content\/uploads\/2025\/10\/Rechtsanwalt-Bruck-Leitha-Pirringer-2-edited-768x1064.jpg 768w, https:\/\/www.ra-pirringer.at\/web\/wp-content\/uploads\/2025\/10\/Rechtsanwalt-Bruck-Leitha-Pirringer-2-edited.jpg 1023w\" sizes=\"auto, (max-width: 739px) 100vw, 739px\" \/><\/figure>\n\n\n\n<p><\/p>\n\n\n\n<h3 class=\"wp-block-heading\"><strong>Insbesondere in folgenden Fachgebieten \u00fcbernehme <\/strong><\/h3>\n\n\n\n<h3 class=\"wp-block-heading\"><strong>ich gerne Ihre Vertretung:<\/strong><\/h3>\n\n\n\n<ul class=\"wp-block-list\">\n<li><a href=\"https:\/\/www.ra-pirringer.at\/web\/abwicklung-von-kaufvertraegen\/\">Abwicklung von Kaufvertr\u00e4gen<\/a><\/li>\n\n\n\n<li><a href=\"https:\/\/www.ra-pirringer.at\/web\/?page_id=259\">Verkehrsunf\u00e4lle<\/a><\/li>\n\n\n\n<li><a href=\"https:\/\/www.ra-pirringer.at\/web\/?page_id=279\">Miet- und Wohnrecht<\/a><\/li>\n\n\n\n<li><a href=\"https:\/\/www.ra-pirringer.at\/web\/?page_id=268\">Nachbarrecht<\/a><\/li>\n\n\n\n<li><a href=\"https:\/\/www.ra-pirringer.at\/web\/?page_id=293\">Verwaltungsrecht und Verwaltungsstrafrecht<\/a><\/li>\n\n\n\n<li><a href=\"https:\/\/www.ra-pirringer.at\/web\/?page_id=298\">Forderungseintreibung<\/a><\/li>\n\n\n\n<li><a href=\"https:\/\/www.ra-pirringer.at\/web\/?page_id=303\">Vertragsrecht<\/a><\/li>\n\n\n\n<li><a href=\"https:\/\/www.ra-pirringer.at\/web\/?page_id=310\">Allgemeines Zivilrecht<\/a><\/li>\n\n\n\n<li><a href=\"https:\/\/www.ra-pirringer.at\/web\/?page_id=315\">Schadenersatz- und Gew\u00e4hrleistungsrecht<\/a><\/li>\n\n\n\n<li><a href=\"https:\/\/www.ra-pirringer.at\/web\/?page_id=381\">Familien- und Scheidungsrecht<\/a><\/li>\n\n\n\n<li><a href=\"https:\/\/www.ra-pirringer.at\/web\/?page_id=320\">Verteidigung in gerichtlichen Strafverfahren<\/a><\/li>\n\n\n\n<li><a href=\"https:\/\/www.ra-pirringer.at\/web\/?page_id=325\">Opfervertretung in gerichtlichen Strafverfahren<\/a><\/li>\n\n\n\n<li>Errichtung von Vorsorgevollmachten<\/li>\n<\/ul>\n\n\n\n<p><strong>Ich erarbeite f\u00fcr Ihr Verfahren eine Prozessstrategie und bespreche diese ausf\u00fchrlich mit Ihnen. Es ist mir wichtig, dass Sie \u00fcber jeden meiner Schritte umfassend informiert sind. Transparenz hat immer Priorit\u00e4t.<\/strong><\/p>\n\n\n\n<h3 class=\"wp-block-heading\">&nbsp;<\/h3>\n\n\n<div class=\"wp-block-image\">\n<figure class=\"aligncenter\"><img decoding=\"async\" src=\"https:\/\/www.ra-pirringer.at\/web\/wp-content\/uploads\/2016\/03\/Tisch-Dr.-Anton-Pirringer-2460-Bruck-an-der-Leitha-2413-Berg-Rechtsanwalt-Anwalt.jpg\" alt=\"Tisch Dr. Anton Pirringer 2460 Bruck an der Leitha 2413 Berg Rechtsanwalt Anwalt\"\/><\/figure>\n<\/div>\n\n\n<p class=\"hide-if-no-js\"><\/p>\n\n\n\n<h3 class=\"wp-block-heading\"><strong>Gerne vertrete ich Sie vor Gerichten und <\/strong><\/h3>\n\n\n\n<h3 class=\"wp-block-heading\">&nbsp;<\/h3>\n\n\n\n<h3 class=\"wp-block-heading\"><strong>Verwaltungsbeh\u00f6rden in<\/strong><\/h3>\n\n\n\n<ul class=\"wp-block-list\">\n<li>Bruck an der Leitha<\/li>\n\n\n\n<li>Neusiedl am See<\/li>\n\n\n\n<li>Schwechat<\/li>\n\n\n\n<li>G\u00e4nserndorf<\/li>\n\n\n\n<li>Korneuburg<\/li>\n\n\n\n<li>Eisenstadt<\/li>\n\n\n\n<li>Wiener Neustadt<\/li>\n\n\n\n<li>St. P\u00f6lten<\/li>\n\n\n\n<li>Wien<\/li>\n<\/ul>\n\n\n\n<p><strong>Auf Anfrage vertrete ich Sie auch vor Gerichten und Verwaltungsbeh\u00f6rden in anderen St\u00e4dten und Ortschaften \u00d6sterreichs.<\/strong><\/p>\n\n\n\n<h3 class=\"wp-block-heading\">&nbsp;<\/h3>\n","protected":false},"excerpt":{"rendered":"<p>Insbesondere in folgenden Fachgebieten \u00fcbernehme ich gerne Ihre Vertretung: Ich erarbeite f\u00fcr Ihr Verfahren eine Prozessstrategie und bespreche diese ausf\u00fchrlich mit Ihnen. Es ist mir wichtig, dass Sie \u00fcber jeden meiner Schritte umfassend informiert sind. Transparenz hat immer Priorit\u00e4t. &nbsp; Gerne vertrete ich Sie vor Gerichten und &nbsp; Verwaltungsbeh\u00f6rden in Auf Anfrage vertrete ich Sie [&hellip;]<\/p>\n","protected":false},"author":1,"featured_media":226,"parent":0,"menu_order":0,"comment_status":"closed","ping_status":"closed","template":"","meta":{"footnotes":""},"class_list":["post-2","page","type-page","status-publish","has-post-thumbnail","hentry"],"_links":{"self":[{"href":"https:\/\/www.ra-pirringer.at\/web\/wp-json\/wp\/v2\/pages\/2","targetHints":{"allow":["GET"]}}],"collection":[{"href":"https:\/\/www.ra-pirringer.at\/web\/wp-json\/wp\/v2\/pages"}],"about":[{"href":"https:\/\/www.ra-pirringer.at\/web\/wp-json\/wp\/v2\/types\/page"}],"author":[{"embeddable":true,"href":"https:\/\/www.ra-pirringer.at\/web\/wp-json\/wp\/v2\/users\/1"}],"replies":[{"embeddable":true,"href":"https:\/\/www.ra-pirringer.at\/web\/wp-json\/wp\/v2\/comments?post=2"}],"version-history":[{"count":53,"href":"https:\/\/www.ra-pirringer.at\/web\/wp-json\/wp\/v2\/pages\/2\/revisions"}],"predecessor-version":[{"id":550,"href":"https:\/\/www.ra-pirringer.at\/web\/wp-json\/wp\/v2\/pages\/2\/revisions\/550"}],"wp:featuredmedia":[{"embeddable":true,"href":"https:\/\/www.ra-pirringer.at\/web\/wp-json\/wp\/v2\/media\/226"}],"wp:attachment":[{"href":"https:\/\/www.ra-pirringer.at\/web\/wp-json\/wp\/v2\/media?parent=2"}],"curies":[{"name":"wp","href":"https:\/\/api.w.org\/{rel}","templated":true}]}}