{"id":94,"date":"2016-03-13T20:47:59","date_gmt":"2016-03-13T19:47:59","guid":{"rendered":"http:\/\/www.ra-pirringer.at\/beta\/?page_id=94"},"modified":"2016-09-21T14:50:26","modified_gmt":"2016-09-21T12:50:26","slug":"impressum","status":"publish","type":"page","link":"https:\/\/www.ra-pirringer.at\/web\/impressum\/","title":{"rendered":"Impressum"},"content":{"rendered":"<h4>Offenlegung gem\u00e4\u00df \u00a7 5 E-Commerce-Gesetz und \u00a7 25 Mediengesetz<\/h4>\n<p>Dr. Anton Pirringer<br \/>\nRechtsanwalt in \u00d6sterreich<br \/>\nHauptplatz 16\/4\/6<br \/>\n2460 Bruck an der Leitha<br \/>\nTelefon: +43 (0) 2162\/62513<br \/>\nFax: +43 (0) 2162\/62513-89<br \/>\nE-Mail: <a href=\"mailto:kanzlei@ra-pirringer.at\" target=\"_blank\">kanzlei@ra-pirringer.at<\/a><br \/>\nWeb: <a href=\"https:\/\/www.ra-pirringer.at\" target=\"_blank\">www.ra-pirringer.at<\/a><\/p>\n<p>&nbsp;<\/p>\n<p>ADVM-Code: R209005<br \/>\nUID-Nr.: ATU70532836<br \/>\nDVR-Nr: 4016248<\/p>\n<p>&nbsp;<\/p>\n<p>Kammerzugeh\u00f6rigkeit und Aufsichtsbeh\u00f6rde: Rechtsanwaltskammer Nieder\u00f6sterreich<\/p>\n<p>Anwendbare berufsrechtliche Vorschriften:<br \/>\n&#8211; Rechtsanwaltsordnung (RAO)<br \/>\n&#8211; Disziplinarstatut f\u00fcr Rechtsanw\u00e4lte und Rechtsanwaltsanw\u00e4rter (DSt)<br \/>\n&#8211; Richtlinien f\u00fcr die Aus\u00fcbung des Rechtsanwaltsberufes (RL-BA 2015)<br \/>\n&#8211; Rechtsanwaltstarifgesetz (RATG)<br \/>\n&#8211; Allgemeine Honorar-Kriterien (AHK)<br \/>\nAbrufbar unter: <a href=\"http:\/\/www.rechtsanwaelte.at\/buergerservice\/infocorner\/gesetzestexte\" target=\"_blank\">www.rechtsanwaelte.at\/buergerservice\/infocorner\/gesetzestexte<\/a><\/p>\n<p>Unternehmensgegenstand ist die Aus\u00fcbung der Rechtsanwaltschaft einschlie\u00dflich der dazu erforderlichen Hilfst\u00e4tigkeiten.<\/p>\n<p>Medieninhaber: Rechtsanwalt Dr. Anton Pirringer<\/p>\n<p>&nbsp;<\/p>\n<h4>Haftungsausschluss<\/h4>\n<p>Die auf dieser Seite enthaltenen Informationen werden sorgf\u00e4ltig gepr\u00fcft, dennoch kann f\u00fcr die Richtigkeit, Aktualit\u00e4t, Vollst\u00e4ndigkeit und Verf\u00fcgbarkeit der gebotenen Informationen keine Haftung \u00fcbernommen werden. Die Inhalte dienen lediglich zu allgemeinen und unverbindlichen Informationszwecken.<\/p>\n<p>Trotz der Anwendung gr\u00f6\u00dfter Sorgfalt bei Erstellung der Inhalte dieser Seite wird keinerlei Haftung f\u00fcr Sch\u00e4den oder Nachteile, welcher Art auch immer, \u00fcbernommen, die durch die Verwendung der hier enthaltenen Informationen entstehen.<\/p>\n<p>Die Links zu anderen Seiten werden zwar gewissenhaft ausgew\u00e4hlt, die Inhalte dieser Seiten liegen jedoch nicht im Einfluss bzw. unter der Kontrolle des Medieninhabers, und es kann daher daf\u00fcr keine Haftung \u00fcbernommen werden.<\/p>\n","protected":false},"excerpt":{"rendered":"<p>Offenlegung gem\u00e4\u00df \u00a7 5 E-Commerce-Gesetz und \u00a7 25 Mediengesetz Dr. Anton Pirringer Rechtsanwalt in \u00d6sterreich Hauptplatz 16\/4\/6 2460 Bruck an der Leitha Telefon: +43 (0) 2162\/62513 Fax: +43 (0) 2162\/62513-89 E-Mail: kanzlei@ra-pirringer.at Web: www.ra-pirringer.at &nbsp; ADVM-Code: R209005 UID-Nr.: ATU70532836 DVR-Nr: 4016248 &nbsp; Kammerzugeh\u00f6rigkeit und Aufsichtsbeh\u00f6rde: Rechtsanwaltskammer Nieder\u00f6sterreich Anwendbare berufsrechtliche Vorschriften: &#8211; Rechtsanwaltsordnung (RAO) &#8211; Disziplinarstatut [&hellip;]<\/p>\n","protected":false},"author":1,"featured_media":0,"parent":0,"menu_order":0,"comment_status":"closed","ping_status":"closed","template":"","meta":{"footnotes":""},"class_list":["post-94","page","type-page","status-publish","hentry"],"_links":{"self":[{"href":"https:\/\/www.ra-pirringer.at\/web\/wp-json\/wp\/v2\/pages\/94","targetHints":{"allow":["GET"]}}],"collection":[{"href":"https:\/\/www.ra-pirringer.at\/web\/wp-json\/wp\/v2\/pages"}],"about":[{"href":"https:\/\/www.ra-pirringer.at\/web\/wp-json\/wp\/v2\/types\/page"}],"author":[{"embeddable":true,"href":"https:\/\/www.ra-pirringer.at\/web\/wp-json\/wp\/v2\/users\/1"}],"replies":[{"embeddable":true,"href":"https:\/\/www.ra-pirringer.at\/web\/wp-json\/wp\/v2\/comments?post=94"}],"version-history":[{"count":20,"href":"https:\/\/www.ra-pirringer.at\/web\/wp-json\/wp\/v2\/pages\/94\/revisions"}],"predecessor-version":[{"id":369,"href":"https:\/\/www.ra-pirringer.at\/web\/wp-json\/wp\/v2\/pages\/94\/revisions\/369"}],"wp:attachment":[{"href":"https:\/\/www.ra-pirringer.at\/web\/wp-json\/wp\/v2\/media?parent=94"}],"curies":[{"name":"wp","href":"https:\/\/api.w.org\/{rel}","templated":true}]}}